{"id":210,"date":"2026-02-04T22:11:15","date_gmt":"2026-02-04T22:11:15","guid":{"rendered":"http:\/\/linetlautre.fr\/?page_id=210"},"modified":"2026-02-16T16:04:21","modified_gmt":"2026-02-16T16:04:21","slug":"creez-votre-pochon","status":"publish","type":"page","link":"https:\/\/linetlautre.fr\/?page_id=210","title":{"rendered":"Cr\u00e9ez votre pochon"},"content":{"rendered":"\n<h3 class=\"wp-block-heading has-text-align-center has-text-color has-link-color has-large-font-size wp-elements-3d6fe420a3c789f010e3201ae840bd9d\" style=\"color:#ede4db\">Choisissez vos options et commandez par mail !<\/h3>\n\n\n\n<p class=\"has-text-align-left has-text-color has-link-color has-medium-font-size wp-elements-232ae742c718a9a4d27667e2634a52a0\" style=\"color:#ede4db\">Chaque pochon que je cr\u00e9e est pens\u00e9 pour vous et vos envies. Choisissez vos motifs, couleurs et personnalisations, et je transforme vos id\u00e9es en objets pratiques et charmants, faits \u00e0 la main avec soin.<\/p>\n\n\n\n<p class=\"has-text-color has-link-color has-medium-font-size wp-elements-12a4326d1b96e4d25ceeb4720271fa3d\" style=\"color:#ede4db\">Ici, tout commence par une discussion : je vous accompagne pour que votre pochon refl\u00e8te vraiment votre style.<\/p>\n\n\n\n<figure class=\"wp-block-image aligncenter size-large\"><img loading=\"lazy\" decoding=\"async\" width=\"1024\" height=\"319\" src=\"https:\/\/linetlautre.fr\/wp-content\/uploads\/2026\/02\/Creez-votre-pochon-9-1024x319.png\" alt=\"\" class=\"wp-image-351\" srcset=\"https:\/\/linetlautre.fr\/wp-content\/uploads\/2026\/02\/Creez-votre-pochon-9-1024x319.png 1024w, https:\/\/linetlautre.fr\/wp-content\/uploads\/2026\/02\/Creez-votre-pochon-9-300x94.png 300w, https:\/\/linetlautre.fr\/wp-content\/uploads\/2026\/02\/Creez-votre-pochon-9-768x240.png 768w, https:\/\/linetlautre.fr\/wp-content\/uploads\/2026\/02\/Creez-votre-pochon-9.png 1366w\" sizes=\"auto, (max-width: 1024px) 100vw, 1024px\" \/><\/figure>\n\n\n\n<figure class=\"wp-block-image aligncenter size-large\"><img loading=\"lazy\" decoding=\"async\" width=\"1024\" height=\"416\" src=\"https:\/\/linetlautre.fr\/wp-content\/uploads\/2026\/02\/Creez-votre-pochon-10-1024x416.png\" alt=\"\" class=\"wp-image-353\" srcset=\"https:\/\/linetlautre.fr\/wp-content\/uploads\/2026\/02\/Creez-votre-pochon-10-1024x416.png 1024w, https:\/\/linetlautre.fr\/wp-content\/uploads\/2026\/02\/Creez-votre-pochon-10-300x122.png 300w, https:\/\/linetlautre.fr\/wp-content\/uploads\/2026\/02\/Creez-votre-pochon-10-768x312.png 768w, https:\/\/linetlautre.fr\/wp-content\/uploads\/2026\/02\/Creez-votre-pochon-10.png 1366w\" sizes=\"auto, (max-width: 1024px) 100vw, 1024px\" \/><\/figure>\n\n\n\n<div class=\"wp-block-columns is-layout-flex wp-container-core-columns-is-layout-28f84493 wp-block-columns-is-layout-flex\">\n<div class=\"wp-block-column is-layout-flow wp-block-column-is-layout-flow\">\n<figure class=\"wp-block-image size-large\"><img loading=\"lazy\" decoding=\"async\" width=\"819\" height=\"1024\" src=\"https:\/\/linetlautre.fr\/wp-content\/uploads\/2026\/02\/8-1-819x1024.png\" alt=\"\" class=\"wp-image-364\" srcset=\"https:\/\/linetlautre.fr\/wp-content\/uploads\/2026\/02\/8-1-819x1024.png 819w, https:\/\/linetlautre.fr\/wp-content\/uploads\/2026\/02\/8-1-240x300.png 240w, https:\/\/linetlautre.fr\/wp-content\/uploads\/2026\/02\/8-1-768x960.png 768w, https:\/\/linetlautre.fr\/wp-content\/uploads\/2026\/02\/8-1.png 1080w\" sizes=\"auto, (max-width: 819px) 100vw, 819px\" \/><\/figure>\n<\/div>\n\n\n\n<div class=\"wp-block-column is-layout-flow wp-block-column-is-layout-flow\">\n<figure class=\"wp-block-image size-large\"><img loading=\"lazy\" decoding=\"async\" width=\"819\" height=\"1024\" src=\"https:\/\/linetlautre.fr\/wp-content\/uploads\/2026\/02\/9-819x1024.png\" alt=\"\" class=\"wp-image-365\" srcset=\"https:\/\/linetlautre.fr\/wp-content\/uploads\/2026\/02\/9-819x1024.png 819w, https:\/\/linetlautre.fr\/wp-content\/uploads\/2026\/02\/9-240x300.png 240w, https:\/\/linetlautre.fr\/wp-content\/uploads\/2026\/02\/9-768x960.png 768w, https:\/\/linetlautre.fr\/wp-content\/uploads\/2026\/02\/9.png 1080w\" sizes=\"auto, (max-width: 819px) 100vw, 819px\" \/><\/figure>\n<\/div>\n\n\n\n<div class=\"wp-block-column is-layout-flow wp-block-column-is-layout-flow\">\n<figure class=\"wp-block-image size-large\"><img loading=\"lazy\" decoding=\"async\" width=\"819\" height=\"1024\" src=\"https:\/\/linetlautre.fr\/wp-content\/uploads\/2026\/02\/10-1-819x1024.png\" alt=\"\" class=\"wp-image-366\" srcset=\"https:\/\/linetlautre.fr\/wp-content\/uploads\/2026\/02\/10-1-819x1024.png 819w, https:\/\/linetlautre.fr\/wp-content\/uploads\/2026\/02\/10-1-240x300.png 240w, https:\/\/linetlautre.fr\/wp-content\/uploads\/2026\/02\/10-1-768x960.png 768w, https:\/\/linetlautre.fr\/wp-content\/uploads\/2026\/02\/10-1.png 1080w\" sizes=\"auto, (max-width: 819px) 100vw, 819px\" \/><\/figure>\n<\/div>\n<\/div>\n\n\n\n<div class=\"wp-block-buttons is-content-justification-right is-layout-flex wp-container-core-buttons-is-layout-d445cf74 wp-block-buttons-is-layout-flex\">\n<div class=\"wp-block-button\"><a class=\"wp-block-button__link has-text-align-center wp-element-button\" href=\"https:\/\/linetlautre.fr\/?page_id=229\">Toutes nos illustrations ici !<\/a><\/div>\n<\/div>\n\n\n\n<p><\/p>\n\n\n\n<p class=\"has-text-color has-link-color has-medium-font-size wp-elements-cc98e0fd4ca748957a8574b88c3ef90c\" style=\"color:#ede4db\">Les frais de livraison sont de 3\u20ac pour la France m\u00e9tropolitaine. <br>Pour des commandes plus volumineuses, les frais peuvent \u00eatre ajust\u00e9s selon le poids. Le montant exact vous sera confirm\u00e9 par mail.<\/p>\n\n\n\n<figure class=\"wp-block-image aligncenter size-large\"><img loading=\"lazy\" decoding=\"async\" width=\"1024\" height=\"416\" src=\"https:\/\/linetlautre.fr\/wp-content\/uploads\/2026\/02\/Creez-votre-pochon-4-5-1024x416.png\" alt=\"\" class=\"wp-image-342\" srcset=\"https:\/\/linetlautre.fr\/wp-content\/uploads\/2026\/02\/Creez-votre-pochon-4-5-1024x416.png 1024w, https:\/\/linetlautre.fr\/wp-content\/uploads\/2026\/02\/Creez-votre-pochon-4-5-300x122.png 300w, https:\/\/linetlautre.fr\/wp-content\/uploads\/2026\/02\/Creez-votre-pochon-4-5-768x312.png 768w, https:\/\/linetlautre.fr\/wp-content\/uploads\/2026\/02\/Creez-votre-pochon-4-5.png 1366w\" sizes=\"auto, (max-width: 1024px) 100vw, 1024px\" \/><\/figure>\n\n\n\n<div class=\"wp-block-buttons is-content-justification-center is-layout-flex wp-container-core-buttons-is-layout-a89b3969 wp-block-buttons-is-layout-flex\">\n<div class=\"wp-block-button\"><a class=\"wp-block-button__link wp-element-button\" href=\"https:\/\/linetlautre.fr\/?page_id=183\">Envoyez nous vos choix ici !<\/a><\/div>\n<\/div>\n\n\n\n<p><\/p>\n\n\n\n<figure class=\"wp-block-image aligncenter size-large\"><img loading=\"lazy\" decoding=\"async\" width=\"1024\" height=\"416\" src=\"https:\/\/linetlautre.fr\/wp-content\/uploads\/2026\/02\/Creez-votre-pochon-6-1-1024x416.png\" alt=\"\" class=\"wp-image-273\" srcset=\"https:\/\/linetlautre.fr\/wp-content\/uploads\/2026\/02\/Creez-votre-pochon-6-1-1024x416.png 1024w, https:\/\/linetlautre.fr\/wp-content\/uploads\/2026\/02\/Creez-votre-pochon-6-1-300x122.png 300w, https:\/\/linetlautre.fr\/wp-content\/uploads\/2026\/02\/Creez-votre-pochon-6-1-768x312.png 768w, https:\/\/linetlautre.fr\/wp-content\/uploads\/2026\/02\/Creez-votre-pochon-6-1.png 1366w\" sizes=\"auto, (max-width: 1024px) 100vw, 1024px\" \/><\/figure>\n","protected":false},"excerpt":{"rendered":"<p>Choisissez vos options et commandez par mail ! Chaque pochon que je cr\u00e9e est pens\u00e9 pour vous et vos envies. [&hellip;]<\/p>\n","protected":false},"author":1,"featured_media":0,"parent":0,"menu_order":0,"comment_status":"closed","ping_status":"closed","template":"","meta":{"site-sidebar-layout":"default","site-content-layout":"","ast-site-content-layout":"default","site-content-style":"default","site-sidebar-style":"default","ast-global-header-display":"","ast-banner-title-visibility":"","ast-main-header-display":"","ast-hfb-above-header-display":"","ast-hfb-below-header-display":"","ast-hfb-mobile-header-display":"","site-post-title":"disabled","ast-breadcrumbs-content":"","ast-featured-img":"","footer-sml-layout":"","ast-disable-related-posts":"","theme-transparent-header-meta":"","adv-header-id-meta":"","stick-header-meta":"","header-above-stick-meta":"","header-main-stick-meta":"","header-below-stick-meta":"","astra-migrate-meta-layouts":"default","ast-page-background-enabled":"default","ast-page-background-meta":{"desktop":{"background-color":"var(--ast-global-color-5)","background-image":"","background-repeat":"repeat","background-position":"center center","background-size":"auto","background-attachment":"scroll","background-type":"","background-media":"","overlay-type":"","overlay-color":"","overlay-opacity":"","overlay-gradient":""},"tablet":{"background-color":"","background-image":"","background-repeat":"repeat","background-position":"center center","background-size":"auto","background-attachment":"scroll","background-type":"","background-media":"","overlay-type":"","overlay-color":"","overlay-opacity":"","overlay-gradient":""},"mobile":{"background-color":"","background-image":"","background-repeat":"repeat","background-position":"center center","background-size":"auto","background-attachment":"scroll","background-type":"","background-media":"","overlay-type":"","overlay-color":"","overlay-opacity":"","overlay-gradient":""}},"ast-content-background-meta":{"desktop":{"background-color":"var(--ast-global-color-4)","background-image":"","background-repeat":"repeat","background-position":"center center","background-size":"auto","background-attachment":"scroll","background-type":"","background-media":"","overlay-type":"","overlay-color":"","overlay-opacity":"","overlay-gradient":""},"tablet":{"background-color":"var(--ast-global-color-4)","background-image":"","background-repeat":"repeat","background-position":"center center","background-size":"auto","background-attachment":"scroll","background-type":"","background-media":"","overlay-type":"","overlay-color":"","overlay-opacity":"","overlay-gradient":""},"mobile":{"background-color":"var(--ast-global-color-4)","background-image":"","background-repeat":"repeat","background-position":"center center","background-size":"auto","background-attachment":"scroll","background-type":"","background-media":"","overlay-type":"","overlay-color":"","overlay-opacity":"","overlay-gradient":""}},"footnotes":""},"class_list":["post-210","page","type-page","status-publish","hentry"],"_links":{"self":[{"href":"https:\/\/linetlautre.fr\/index.php?rest_route=\/wp\/v2\/pages\/210","targetHints":{"allow":["GET"]}}],"collection":[{"href":"https:\/\/linetlautre.fr\/index.php?rest_route=\/wp\/v2\/pages"}],"about":[{"href":"https:\/\/linetlautre.fr\/index.php?rest_route=\/wp\/v2\/types\/page"}],"author":[{"embeddable":true,"href":"https:\/\/linetlautre.fr\/index.php?rest_route=\/wp\/v2\/users\/1"}],"replies":[{"embeddable":true,"href":"https:\/\/linetlautre.fr\/index.php?rest_route=%2Fwp%2Fv2%2Fcomments&post=210"}],"version-history":[{"count":18,"href":"https:\/\/linetlautre.fr\/index.php?rest_route=\/wp\/v2\/pages\/210\/revisions"}],"predecessor-version":[{"id":371,"href":"https:\/\/linetlautre.fr\/index.php?rest_route=\/wp\/v2\/pages\/210\/revisions\/371"}],"wp:attachment":[{"href":"https:\/\/linetlautre.fr\/index.php?rest_route=%2Fwp%2Fv2%2Fmedia&parent=210"}],"curies":[{"name":"wp","href":"https:\/\/api.w.org\/{rel}","templated":true}]}}